{"id":600,"date":"2026-02-27T17:59:49","date_gmt":"2026-02-27T17:59:49","guid":{"rendered":"https:\/\/pixelcampus.es\/juani\/?page_id=600"},"modified":"2026-03-05T19:14:16","modified_gmt":"2026-03-05T19:14:16","slug":"aviso-legal","status":"publish","type":"page","link":"https:\/\/komodink.es\/juani\/aviso-legal\/","title":{"rendered":"Aviso Legal"},"content":{"rendered":"<h2 class=\"western\">Aviso Legal<\/h2>\n<p align=\"justify\">Por favor, lea todos los apartados del presente Aviso Legal antes de utilizar este sitio web. Las siguientes condiciones son vinculantes para cualquier usuario del mismo.<\/p>\n<p align=\"justify\">En cumplimiento con el deber de informaci\u00f3n dispuesto en la Ley 34\/2002 de Servicios de la Sociedad de la Informaci\u00f3n y el Comercio Electr\u00f3nico (LSSI-CE) de 11 de julio, se facilitan a continuaci\u00f3n los siguientes datos de informaci\u00f3n general de este sitio web.<\/p>\n<p align=\"justify\">La raz\u00f3n de este texto es explicarle de manera detallada las funcionalidades de esta web y aportarle aquella informaci\u00f3n relacionada con el titular de la web y la finalidad de los contenidos incluidos en ella.<\/p>\n<h3 class=\"western\">Datos e Identificaci\u00f3n<\/h3>\n<p align=\"justify\">El presente Aviso Legal regula el uso del servicio del sitio web [LSSI_Web] inform\u00e1ndole en cumplimiento de la Ley 34\/2002, de 11 de julio, de Servicios de la Sociedad de la Informaci\u00f3n y de Comercio Electr\u00f3nico, de los siguientes extremos:<\/p>\n<p><strong>Nombre de la empresa: <\/strong><strong><span lang=\"es-ES-u-co-trad\">&#8212;&#8212;&#8212;&#8212;&#8212;&#8212; (&#8212;&#8212;)<\/span><\/strong><\/p>\n<p><strong>Direcci\u00f3n: <\/strong>C\/<\/p>\n<p><strong>Correo electr\u00f3nico:<\/strong> admin@pixelcampus.es<\/p>\n<p><strong>Tel\u00e9fono de contacto:<\/strong><\/p>\n<p><strong>NIF: <\/strong><\/p>\n<h3 class=\"western\">Uso del sitio Web y obligaciones de los usuarios.<\/h3>\n<p align=\"justify\">El usuario se compromete a utilizar el sitio web, el contenido y servicios, sin contravenir la legislaci\u00f3n vigente, los usos generalmente aceptados y el orden p\u00fablico. Queda prohibido el uso del sitio web con fines il\u00edcitos o lesivos contra <span lang=\"es-ES-u-co-trad\">&#8212;&#8212;&#8212;&#8212;&#8212;&#8212; (&#8212;&#8212;)<\/span> o un tercero, que, de cualquier forma, puedan causar perjuicio o impedir el normal uso del sitio web.<\/p>\n<p align=\"justify\"><span lang=\"es-ES-u-co-trad\">&#8212;&#8212;&#8212;&#8212;&#8212;&#8212; (&#8212;&#8212;)<\/span> garantiza que los contenidos y servicios que ofrece el portal respetan el principio de dignidad de la persona, de protecci\u00f3n de la juventud y la infancia, de no-discriminaci\u00f3n por motivos de raza, sexo, religi\u00f3n, opini\u00f3n, nacionalidad, discapacidad o cualquier otro aspecto personal y social.<\/p>\n<p align=\"justify\">Las presentes Condiciones Generales de Uso del sitio web no confieren al usuario ning\u00fan otro derecho de uso, alteraci\u00f3n, explotaci\u00f3n, reproducci\u00f3n, distribuci\u00f3n o comunicaci\u00f3n p\u00fablica de los contenidos del sitio web distintos de los aqu\u00ed expresamente previstos.<\/p>\n<p align=\"justify\">Los contenidos (informaci\u00f3n, archivos de sonido y\/o imagen, fotograf\u00edas, dise\u00f1os, etc.) recogidos en el portal, son propiedad de <span lang=\"es-ES-u-co-trad\">&#8212;&#8212;&#8212;&#8212;&#8212;&#8212; (&#8212;&#8212;)<\/span> o la misma se encuentra debidamente autorizada para su difusi\u00f3n por sus leg\u00edtimos titulares.<\/p>\n<p align=\"justify\"><span lang=\"es-ES-u-co-trad\">&#8212;&#8212;&#8212;&#8212;&#8212;&#8212; (&#8212;&#8212;)<\/span> se compromete a no realizar publicidad enga\u00f1osa y por tanto, queda prohibido:<\/p>\n<ul>\n<li>\n<p align=\"justify\">El uso para todo tipo de fines comerciales o publicitarios, distintos de los estrictamente permitidos.<\/p>\n<\/li>\n<li>\n<p align=\"justify\">Su reproducci\u00f3n, publicaci\u00f3n, distribuci\u00f3n o modificaci\u00f3n, total o parcial a menos que se cuente con la autorizaci\u00f3n previa y por escrito de sus leg\u00edtimos titulares o resulte legalmente permitido.<\/p>\n<\/li>\n<li>\n<p align=\"justify\">Cualquier vulneraci\u00f3n de los derechos de <span lang=\"es-ES-u-co-trad\">&#8212;&#8212;&#8212;&#8212;&#8212;&#8212; (&#8212;&#8212;)<\/span> o de sus leg\u00edtimos titulares sobre los mismos.<\/p>\n<\/li>\n<\/ul>\n<h3 class=\"western\">Propiedad Intelectual e Industrial<\/h3>\n<p align=\"justify\">El usuario reconoce y acepta que todos los derechos de propiedad industrial e intelectual sobre los contenidos y\/o cualesquiera otros elementos insertados en el sitio web pertenecen a <span lang=\"es-ES-u-co-trad\">&#8212;&#8212;&#8212;&#8212;&#8212;&#8212; (&#8212;&#8212;)<\/span> o la misma se encuentra debidamente autorizada para su difusi\u00f3n en el presente website.<\/p>\n<p align=\"justify\">En el caso de que un usuario o un tercero consideren que se ha producido una violaci\u00f3n de sus leg\u00edtimos derechos de propiedad intelectual por la introducci\u00f3n de un determinado contenido en el website, deber\u00e1 notificar dicha circunstancia a <span lang=\"es-ES-u-co-trad\">&#8212;&#8212;&#8212;&#8212;&#8212;&#8212; (&#8212;&#8212;)<\/span> indicando:<\/p>\n<ul>\n<li>\n<p align=\"justify\">Datos del titular de los derechos presuntamente infringidos, o indicar la representaci\u00f3n con la que act\u00faa en caso de que la reclamaci\u00f3n la presente un tercero distinto del interesado.<\/p>\n<\/li>\n<li>\n<p align=\"justify\">Se\u00f1alar los contenidos protegidos por los derechos de propiedad intelectual y su ubicaci\u00f3n en el Web, la acreditaci\u00f3n de los derechos de propiedad intelectual se\u00f1alados y declaraci\u00f3n expresa en la que el interesado se responsabiliza de la veracidad de las informaciones facilitadas en la notificaci\u00f3n.<\/p>\n<\/li>\n<\/ul>\n<h3 class=\"western\" align=\"justify\">Enlaces<\/h3>\n<p align=\"justify\">El presente sitio web proporciona enlaces a otros sitios web propios y contenidos que son propiedad de terceros.<\/p>\n<p align=\"justify\">El \u00fanico objeto de los enlaces es proporcionar al usuario la posibilidad de acceder a dichos enlaces.<\/p>\n<p lang=\"es-ES-u-co-trad\" align=\"justify\">&#8212;&#8212;&#8212;&#8212;&#8212;&#8212; (&#8212;&#8212;) no se responsabiliza en ning\u00fan caso de los resultados que puedan derivarse al usuario por el acceso a dichos enlaces.<\/p>\n<p align=\"justify\">El usuario que se proponga establecer cualquier dispositivo t\u00e9cnico de enlace desde su sitio web al portal deber\u00e1 obtener la autorizaci\u00f3n previa y escrita de <span lang=\"es-ES-u-co-trad\">&#8212;&#8212;&#8212;&#8212;&#8212;&#8212; (&#8212;&#8212;)<\/span>.<\/p>\n<p align=\"justify\">\u00a0<span style=\"font-size: medium;\">El establecimiento del enlace no implica en ning\u00fan caso la existencia de relaciones entre <\/span><span style=\"font-size: medium;\"><span lang=\"es-ES-u-co-trad\">&#8212;&#8212;&#8212;&#8212;&#8212;&#8212; (&#8212;&#8212;)<\/span><\/span>\u00a0<span style=\"font-size: medium;\">y el propietario del sitio en el que se establezca el enlace, ni la aceptaci\u00f3n o aprobaci\u00f3n por parte de <\/span><span style=\"font-size: medium;\"><span lang=\"es-ES-u-co-trad\">&#8212;&#8212;&#8212;&#8212;&#8212;&#8212; (&#8212;&#8212;)<\/span><\/span>\u00a0\u00a0<span style=\"font-size: medium;\">de sus contenidos o servicios.<\/span><\/p>\n<p align=\"justify\">El sitio web en el que se establezca el enlace no contendr\u00e1 ninguna marca, denominaci\u00f3n, logotipo, eslogan u otros signos distintivos pertenecientes a <span lang=\"es-ES-u-co-trad\">&#8212;&#8212;&#8212;&#8212;&#8212;&#8212; (&#8212;&#8212;)<\/span>, salvo los expresamente autorizados.<\/p>\n<h3 class=\"western\">Modificaci\u00f3n Unilateral y relaci\u00f3n<\/h3>\n<p lang=\"es-ES-u-co-trad\" align=\"justify\">&#8212;&#8212;&#8212;&#8212;&#8212;&#8212; (&#8212;&#8212;) se reserva el derecho de modificar, en cualquier momento y sin necesidad de previo aviso, la presentaci\u00f3n y configuraci\u00f3n del sitio web as\u00ed como el presente Aviso Legal.<\/p>\n<h3 class=\"western\">\u00a0<b>Exclusi\u00f3n de garant\u00edas y responsabilidad\u00a0\u00a0<\/b><\/h3>\n<p lang=\"es-ES-u-co-trad\" align=\"justify\"><span style=\"font-size: medium;\">&#8212;&#8212;&#8212;&#8212;&#8212;&#8212; (&#8212;&#8212;) no otorga ninguna garant\u00eda ni se hace responsable, en ning\u00fan caso, de los da\u00f1os y perjuicios de cualquier naturaleza que pudieran acarrear a causa de:<\/span><\/p>\n<ul>\n<li>\n<p align=\"justify\">La falta disponibilidad, mantenimiento y efectivo funcionamiento del Web y\/o de sus servicios o contenidos.<\/p>\n<\/li>\n<li>\n<p align=\"justify\">La existencia de virus, programas maliciosos o lesivos en los contenidos.<\/p>\n<\/li>\n<li>\n<p align=\"justify\">El uso il\u00edcito, negligente, fraudulento, contrario a las presentes condiciones, a la buena fe, a los usos generalmente aceptados o al orden p\u00fablico, del sitio Web, sus servicios o contenidos, por parte de los usuarios.<\/p>\n<\/li>\n<\/ul>\n<h3 class=\"western\">Tratamiento de datos personales<\/h3>\n<p lang=\"es-ES-u-co-trad\" align=\"justify\">&#8212;&#8212;&#8212;&#8212;&#8212;&#8212; (&#8212;&#8212;) tal y como recoge en su \u201cPOL\u00cdTICA DE PRIVACIDAD\u201d que puede consultar en este sitio web, ha adoptado los niveles de seguridad adecuados a los datos que trata y gestiona, incorporando todos los medios y medidas t\u00e9cnicas a su alcance para garantizar su confidencialidad, evitar su mal uso, p\u00e9rdida, alteraci\u00f3n, acceso no autorizado y robo.<\/p>\n<h3 class=\"western\">Legislaci\u00f3n aplicable y jurisdicci\u00f3n<\/h3>\n<p align=\"justify\">Para la resoluci\u00f3n de todas las controversias o cuestiones relacionadas con el presente sitio web o de las actividades en \u00e9l desarrolladas, ser\u00e1 de aplicaci\u00f3n la legislaci\u00f3n espa\u00f1ola, a la que se someten expresamente las partes, siendo competentes para la resoluci\u00f3n de todos los conflictos derivados o relacionados con su uso, los Juzgados y Tribunales del domicilio del demandante que se identifique como consumidor, en caso contrario los Juzgados y Tribunales competentes ser\u00e1n los de la ciudad de Almer\u00eda (Espa\u00f1a)<\/p>\n<h3 class=\"western\">CONTACTO<\/h3>\n<p align=\"justify\">En caso de que cualquier usuario tuviese alguna duda acerca del presente aviso legal o cualquier comentario sobre el mismo puede dirigirse al email:<\/p>\n<p lang=\"es-ES-u-co-trad\" align=\"justify\">admin@&#8212;&#8212;-.es<\/p>\n<p align=\"justify\"><a href=\"mailto:admin@itvclick.com.com\">\u00a0<\/a>o enviar una comunicaci\u00f3n escrita a la direcci\u00f3n que consta en el apartado Contacto.<\/p>\n","protected":false},"excerpt":{"rendered":"<p>Aviso Legal Por favor, lea todos los apartados del presente Aviso Legal antes de utilizar este sitio web. Las siguientes condiciones son vinculantes para cualquier usuario del mismo. En cumplimiento con el deber de informaci\u00f3n dispuesto en la Ley 34\/2002 de Servicios de la Sociedad de la Informaci\u00f3n y el Comercio Electr\u00f3nico (LSSI-CE) de 11 [&hellip;]<\/p>\n","protected":false},"author":1,"featured_media":0,"parent":0,"menu_order":2,"comment_status":"closed","ping_status":"closed","template":"","meta":{"site-sidebar-layout":"default","site-content-layout":"","ast-site-content-layout":"default","site-content-style":"default","site-sidebar-style":"default","ast-global-header-display":"","ast-banner-title-visibility":"","ast-main-header-display":"","ast-hfb-above-header-display":"","ast-hfb-below-header-display":"","ast-hfb-mobile-header-display":"","site-post-title":"","ast-breadcrumbs-content":"","ast-featured-img":"","footer-sml-layout":"","ast-disable-related-posts":"","theme-transparent-header-meta":"default","adv-header-id-meta":"","stick-header-meta":"","header-above-stick-meta":"","header-main-stick-meta":"","header-below-stick-meta":"","astra-migrate-meta-layouts":"set","ast-page-background-enabled":"default","ast-page-background-meta":{"desktop":{"background-color":"","background-image":"","background-repeat":"repeat","background-position":"center center","background-size":"auto","background-attachment":"scroll","background-type":"","background-media":"","overlay-type":"","overlay-color":"","overlay-opacity":"","overlay-gradient":""},"tablet":{"background-color":"","background-image":"","background-repeat":"repeat","background-position":"center center","background-size":"auto","background-attachment":"scroll","background-type":"","background-media":"","overlay-type":"","overlay-color":"","overlay-opacity":"","overlay-gradient":""},"mobile":{"background-color":"","background-image":"","background-repeat":"repeat","background-position":"center center","background-size":"auto","background-attachment":"scroll","background-type":"","background-media":"","overlay-type":"","overlay-color":"","overlay-opacity":"","overlay-gradient":""}},"ast-content-background-meta":{"desktop":{"background-color":"var(--ast-global-color-5)","background-image":"","background-repeat":"repeat","background-position":"center center","background-size":"auto","background-attachment":"scroll","background-type":"","background-media":"","overlay-type":"","overlay-color":"","overlay-opacity":"","overlay-gradient":""},"tablet":{"background-color":"var(--ast-global-color-5)","background-image":"","background-repeat":"repeat","background-position":"center center","background-size":"auto","background-attachment":"scroll","background-type":"","background-media":"","overlay-type":"","overlay-color":"","overlay-opacity":"","overlay-gradient":""},"mobile":{"background-color":"var(--ast-global-color-5)","background-image":"","background-repeat":"repeat","background-position":"center center","background-size":"auto","background-attachment":"scroll","background-type":"","background-media":"","overlay-type":"","overlay-color":"","overlay-opacity":"","overlay-gradient":""}},"footnotes":""},"class_list":["post-600","page","type-page","status-publish","hentry"],"_links":{"self":[{"href":"https:\/\/komodink.es\/juani\/wp-json\/wp\/v2\/pages\/600","targetHints":{"allow":["GET"]}}],"collection":[{"href":"https:\/\/komodink.es\/juani\/wp-json\/wp\/v2\/pages"}],"about":[{"href":"https:\/\/komodink.es\/juani\/wp-json\/wp\/v2\/types\/page"}],"author":[{"embeddable":true,"href":"https:\/\/komodink.es\/juani\/wp-json\/wp\/v2\/users\/1"}],"replies":[{"embeddable":true,"href":"https:\/\/komodink.es\/juani\/wp-json\/wp\/v2\/comments?post=600"}],"version-history":[{"count":2,"href":"https:\/\/komodink.es\/juani\/wp-json\/wp\/v2\/pages\/600\/revisions"}],"predecessor-version":[{"id":1169,"href":"https:\/\/komodink.es\/juani\/wp-json\/wp\/v2\/pages\/600\/revisions\/1169"}],"wp:attachment":[{"href":"https:\/\/komodink.es\/juani\/wp-json\/wp\/v2\/media?parent=600"}],"curies":[{"name":"wp","href":"https:\/\/api.w.org\/{rel}","templated":true}]}}